{"id":148,"date":"2015-10-04T10:43:14","date_gmt":"2015-10-04T08:43:14","guid":{"rendered":"http:\/\/ustronie.radom.pl\/cms\/?page_id=148"},"modified":"2026-04-24T12:28:44","modified_gmt":"2026-04-24T10:28:44","slug":"strona-powitalna","status":"publish","type":"page","link":"https:\/\/ustronie.radom.pl\/cms\/","title":{"rendered":"Strona powitalna"},"content":{"rendered":"\n<figure class=\"wp-block-gallery columns-1 is-cropped\"><ul class=\"blocks-gallery-grid\"><li class=\"blocks-gallery-item\"><figure><a href=\"https:\/\/ustronie.radom.pl\/cms\/wp-content\/uploads\/2023\/01\/Logo-Ustronie.png\"><img loading=\"lazy\" width=\"1024\" height=\"190\" src=\"https:\/\/ustronie.radom.pl\/cms\/wp-content\/uploads\/2023\/01\/Logo-Ustronie-1024x190.png\" alt=\"\" data-id=\"3722\" data-full-url=\"https:\/\/ustronie.radom.pl\/cms\/wp-content\/uploads\/2023\/01\/Logo-Ustronie.png\" data-link=\"https:\/\/ustronie.radom.pl\/cms\/strona-powitalna\/logo-ustronie\/\" class=\"wp-image-3722\" srcset=\"https:\/\/ustronie.radom.pl\/cms\/wp-content\/uploads\/2023\/01\/Logo-Ustronie-1024x190.png 1024w, https:\/\/ustronie.radom.pl\/cms\/wp-content\/uploads\/2023\/01\/Logo-Ustronie-300x56.png 300w, https:\/\/ustronie.radom.pl\/cms\/wp-content\/uploads\/2023\/01\/Logo-Ustronie-768x142.png 768w, https:\/\/ustronie.radom.pl\/cms\/wp-content\/uploads\/2023\/01\/Logo-Ustronie.png 1036w\" sizes=\"(max-width: 1024px) 100vw, 1024px\" \/><\/a><\/figure><\/li><\/ul><\/figure>\n\n\n\n<p class=\"has-text-align-center\"><strong><span class=\"has-inline-color has-vivid-red-color\"><font size=\"5\">WITAMY NA STRONIE INTERNETOWEJ SP\u00d3\u0141DZIELNI MIESZKANIOWEJ &#8222;USTRONIE&#8221; W RADOMIU&nbsp;<\/font><\/span><\/strong><\/p>\n\n\n\n<figure class=\"wp-block-image size-large is-style-default\"><a href=\"https:\/\/ustronie.radom.pl\/cms\/wp-content\/uploads\/2026\/04\/OGLOSZENIE-24.04.2026R.-scaled.jpg\"><img loading=\"lazy\" width=\"1024\" height=\"743\" src=\"https:\/\/ustronie.radom.pl\/cms\/wp-content\/uploads\/2026\/04\/OGLOSZENIE-24.04.2026R.-1024x743.jpg\" alt=\"\" class=\"wp-image-5593\" srcset=\"https:\/\/ustronie.radom.pl\/cms\/wp-content\/uploads\/2026\/04\/OGLOSZENIE-24.04.2026R.-1024x743.jpg 1024w, https:\/\/ustronie.radom.pl\/cms\/wp-content\/uploads\/2026\/04\/OGLOSZENIE-24.04.2026R.-300x218.jpg 300w, https:\/\/ustronie.radom.pl\/cms\/wp-content\/uploads\/2026\/04\/OGLOSZENIE-24.04.2026R.-768x558.jpg 768w, https:\/\/ustronie.radom.pl\/cms\/wp-content\/uploads\/2026\/04\/OGLOSZENIE-24.04.2026R.-1536x1115.jpg 1536w, https:\/\/ustronie.radom.pl\/cms\/wp-content\/uploads\/2026\/04\/OGLOSZENIE-24.04.2026R.-2048x1487.jpg 2048w\" sizes=\"(max-width: 1024px) 100vw, 1024px\" \/><\/a><\/figure>\n\n\n\n<figure class=\"wp-block-image size-large\"><a href=\"https:\/\/ustronie.radom.pl\/cms\/wp-content\/uploads\/2026\/04\/Zawiadomienie-o-Walnym-Zgromadzeniu-S.M.-Ustronie-w-dniu-29.04.2026-r-scaled.jpg\"><img loading=\"lazy\" width=\"724\" height=\"1024\" src=\"https:\/\/ustronie.radom.pl\/cms\/wp-content\/uploads\/2026\/04\/Zawiadomienie-o-Walnym-Zgromadzeniu-S.M.-Ustronie-w-dniu-29.04.2026-r-724x1024.jpg\" alt=\"\" class=\"wp-image-5578\" srcset=\"https:\/\/ustronie.radom.pl\/cms\/wp-content\/uploads\/2026\/04\/Zawiadomienie-o-Walnym-Zgromadzeniu-S.M.-Ustronie-w-dniu-29.04.2026-r-724x1024.jpg 724w, https:\/\/ustronie.radom.pl\/cms\/wp-content\/uploads\/2026\/04\/Zawiadomienie-o-Walnym-Zgromadzeniu-S.M.-Ustronie-w-dniu-29.04.2026-r-212x300.jpg 212w, https:\/\/ustronie.radom.pl\/cms\/wp-content\/uploads\/2026\/04\/Zawiadomienie-o-Walnym-Zgromadzeniu-S.M.-Ustronie-w-dniu-29.04.2026-r-768x1086.jpg 768w, https:\/\/ustronie.radom.pl\/cms\/wp-content\/uploads\/2026\/04\/Zawiadomienie-o-Walnym-Zgromadzeniu-S.M.-Ustronie-w-dniu-29.04.2026-r-1086x1536.jpg 1086w, https:\/\/ustronie.radom.pl\/cms\/wp-content\/uploads\/2026\/04\/Zawiadomienie-o-Walnym-Zgromadzeniu-S.M.-Ustronie-w-dniu-29.04.2026-r-1448x2048.jpg 1448w, https:\/\/ustronie.radom.pl\/cms\/wp-content\/uploads\/2026\/04\/Zawiadomienie-o-Walnym-Zgromadzeniu-S.M.-Ustronie-w-dniu-29.04.2026-r-scaled.jpg 1810w\" sizes=\"(max-width: 724px) 100vw, 724px\" \/><\/a><\/figure>\n\n\n\n<figure class=\"wp-block-gallery columns-1 is-cropped\"><ul class=\"blocks-gallery-grid\"><li class=\"blocks-gallery-item\"><figure><a href=\"https:\/\/ustronie.radom.pl\/cms\/wp-content\/uploads\/2023\/01\/Ustronie-2.png\"><img loading=\"lazy\" width=\"822\" height=\"337\" src=\"https:\/\/ustronie.radom.pl\/cms\/wp-content\/uploads\/2023\/01\/Ustronie-2.png\" alt=\"\" data-id=\"3750\" data-full-url=\"https:\/\/ustronie.radom.pl\/cms\/wp-content\/uploads\/2023\/01\/Ustronie-2.png\" data-link=\"https:\/\/ustronie.radom.pl\/cms\/strona-powitalna\/ustronie-2\/\" class=\"wp-image-3750\" srcset=\"https:\/\/ustronie.radom.pl\/cms\/wp-content\/uploads\/2023\/01\/Ustronie-2.png 822w, https:\/\/ustronie.radom.pl\/cms\/wp-content\/uploads\/2023\/01\/Ustronie-2-300x123.png 300w, https:\/\/ustronie.radom.pl\/cms\/wp-content\/uploads\/2023\/01\/Ustronie-2-768x315.png 768w\" sizes=\"(max-width: 822px) 100vw, 822px\" \/><\/a><\/figure><\/li><\/ul><\/figure>\n\n\n\n<font size=\"3\"><\/font><p style=\"font-family: 'times-new-roman';line-height: 150%;\"><font size=\"3\"><strong>Adres siedziby i korespondencyjny:<\/strong> ul. Wy\u015bcigowa 19; 26-611 Radom<br>\n<strong>adres e-mail:<\/strong>  sekretariat@ustronie.radom.pl<br>\n<strong>Najwa\u017cniejsze telefony:<\/strong><br>\nCentrala tel.: (48) 385-74-00 \nDzia\u0142 Cz\u0142onkowsko- Mieszkaniowy \u2013 tel. (48) 385-74-06<br>\nDzia\u0142 Rozlicze\u0144 Czynszowych \u2013 tel. (48) 385-74-05<br> \nAdministracja A &#8211; tel. (48) 385 74 13; tel. kom. 669 444 356<br>\nAdministracja B &#8211; tel. (48) 385 74 16; tel. kom. 607 629 767<br>\nAdministracja C &#8211; tel. (48) 385 74 02; tel. kom. 665 666 479<br>\nAdministracja M &#8211; tel. (48) 385 74 16; tel. kom. 665 666 429<br>\nAdministracja P &#8211; tel. (48) 385 74 03; tel. kom. 603 766 751<br><\/font><\/p>\nDzia\u0142 Windykacji- tel. (48) 385 74 04\n\n\n\n<hr class=\"wp-block-separator is-style-wide\"\/>\n\n\n\n<p align=\"justify\">Jest nam niezwykle mi\u0142o powita\u0107 Pa\u0144stwa na stronie internetowej Sp\u00f3\u0142dzielni Mieszkaniowej \u201eUstronie\u201d w Radomiu. Mamy nadziej\u0119, \u017ce informacje tu zamieszczone przyczyni\u0105 si\u0119 do lepszego poznania zasad funkcjonowania Sp\u00f3\u0142dzielni, umo\u017cliwi\u0105 sprawniejszy przep\u0142yw informacji, poprawi\u0105 komunikacj\u0119 i wsp\u00f3\u0142prac\u0119, a tym samym poprawi\u0105 jako\u015b\u0107 zamieszkiwania na&nbsp;osiedlu \u201eUstronie\u201d w Radomiu.<\/p>\n\n\n\n<p><p align=\"justify\">Na naszej stronie znajd\u0105 Pa\u0144stwo przede wszystkim informacje na temat bie\u017c\u0105cej dzia\u0142alno\u015bci Sp\u00f3\u0142dzielni oraz og\u0142oszenia Zarz\u0105du Sp\u00f3\u0142dzielni. Umieszczane b\u0119d\u0105 tu informacje na temat termin\u00f3w zebra\u0144, zmian stawek op\u0142at eksploatacyjnych oraz za dostaw\u0119 medi\u00f3w do lokali, przetarg\u00f3w na wykonanie prac remontowych, przetarg\u00f3w na pierwsze\u0144stwo ustanowienia prawa odr\u0119bnej w\u0142asno\u015bci oraz innych wa\u017cnych wydarze\u0144 w naszej Sp\u00f3\u0142dzielni.<\/p><\/p>\n\n\n\n<p><p align=\"justify\">W zak\u0142adce bip (biuletyn informacji publicznej), znajduj\u0105cej si\u0119 w prawym dolnym rogu strony znajd\u0105 Pa\u0144stwo informacje dot. Rady Nadzorczej, Zarz\u0105du, Statut Sp\u00f3\u0142dzielni i obowi\u0105zuj\u0105ce regulaminy oraz dokumenty udost\u0119pnione wy\u0142\u0105cznie cz\u0142onkom Sp\u00f3\u0142dzielni.<\/p><\/p>\n\n\n\n<p>W zak\u0142adce Klub Osiedlowy Ustronie znajd\u0105 Pa\u0144stwo informacje na temat dzia\u0142alno\u015bci Klubu i \u015bwietlic prowadzonych na terenie osiedla.<\/p>\n\n\n\n<p class=\"has-text-align-right\"><strong>Zarz\u0105d Sp\u00f3\u0142dzielni<\/strong><\/p>\n\n\n\n<p class=\"has-text-align-right\"><strong>S.M. \u201eUstronie\u201d<\/strong><\/p>\n","protected":false},"excerpt":{"rendered":"<p>WITAMY NA STRONIE INTERNETOWEJ SP\u00d3\u0141DZIELNI MIESZKANIOWEJ &#8222;USTRONIE&#8221; W RADOMIU&nbsp; Adres siedziby i korespondencyjny: ul. Wy\u015bcigowa 19; 26-611 Radom adres e-mail: sekretariat@ustronie.radom.pl Najwa\u017cniejsze telefony: Centrala tel.: (48) 385-74-00 Dzia\u0142 Cz\u0142onkowsko- Mieszkaniowy \u2013 tel. (48) 385-74-06&#46;&#46;&#46;<\/p>\n","protected":false},"author":1,"featured_media":0,"parent":0,"menu_order":0,"comment_status":"open","ping_status":"open","template":"","meta":[],"_links":{"self":[{"href":"https:\/\/ustronie.radom.pl\/cms\/wp-json\/wp\/v2\/pages\/148"}],"collection":[{"href":"https:\/\/ustronie.radom.pl\/cms\/wp-json\/wp\/v2\/pages"}],"about":[{"href":"https:\/\/ustronie.radom.pl\/cms\/wp-json\/wp\/v2\/types\/page"}],"author":[{"embeddable":true,"href":"https:\/\/ustronie.radom.pl\/cms\/wp-json\/wp\/v2\/users\/1"}],"replies":[{"embeddable":true,"href":"https:\/\/ustronie.radom.pl\/cms\/wp-json\/wp\/v2\/comments?post=148"}],"version-history":[{"count":110,"href":"https:\/\/ustronie.radom.pl\/cms\/wp-json\/wp\/v2\/pages\/148\/revisions"}],"predecessor-version":[{"id":5605,"href":"https:\/\/ustronie.radom.pl\/cms\/wp-json\/wp\/v2\/pages\/148\/revisions\/5605"}],"wp:attachment":[{"href":"https:\/\/ustronie.radom.pl\/cms\/wp-json\/wp\/v2\/media?parent=148"}],"curies":[{"name":"wp","href":"https:\/\/api.w.org\/{rel}","templated":true}]}}