{"id":42,"date":"2015-09-26T22:11:55","date_gmt":"2015-09-26T20:11:55","guid":{"rendered":"http:\/\/ustronie.radom.pl\/cms\/?page_id=42"},"modified":"2025-12-04T10:40:16","modified_gmt":"2025-12-04T09:40:16","slug":"administracje-s-m","status":"publish","type":"page","link":"https:\/\/ustronie.radom.pl\/cms\/kontakt\/administracje-s-m\/","title":{"rendered":"Administracje S.M."},"content":{"rendered":"<p><strong>Jednostka A<\/strong><\/p>\n<p>ul. Gagarina 6<\/p>\n<p>Poniedzia\u0142ek, wtorek, czwartek, pi\u0105tek &#8211; godz. 7.00-15.00<\/p>\n<p><strong>\u015broda &#8211; godz. 7.00-17.00<\/strong><\/p>\n<p>Tel. (48) 385 74 13<\/p>\n<p><strong>tel. kom. 669 444 356<\/strong><\/p>\n<p><strong>Jednostka B<\/strong><\/p>\n<p>ul. Sandomierska 14<\/p>\n<p>Poniedzia\u0142ek, wtorek, czwartek, pi\u0105tek &#8211; godz. 7.00-15.00<\/p>\n<p><strong>\u015broda &#8211; godz. 7.00-17.00<\/strong><\/p>\n<p>Tel. (48) 385 74 16<span style=\"color: #ffffff;\">`<\/span><\/p>\n<p><strong>tel. kom. 607 629 767<\/strong><\/p>\n<p><strong>Jednostka C<\/strong><\/p>\n<p>ul. Wy\u015bcigowa 19<\/p>\n<p>Poniedzia\u0142ek, wtorek, czwartek, pi\u0105tek &#8211; godz. 7.00-15.00<\/p>\n<p><strong>\u015broda &#8211; godz. 7.00-17.00<\/strong><\/p>\n<p>Tel. (48) 385 74 02<\/p>\n<p><strong>tel. kom. 665 666 479<\/strong><\/p>\n<p><strong>Jednostka M\u00a0<\/strong><\/p>\n<p>ul. Sandomierska 14<\/p>\n<p>Poniedzia\u0142ek, wtorek, czwartek, pi\u0105tek &#8211; godz. 7.00-15.00<\/p>\n<p><strong>\u015broda &#8211; godz. 7.00-17.00<\/strong><\/p>\n<p>Tel. (48) 385 74 16<\/p>\n<p><strong>tel. kom. 665 666 429<\/strong><\/p>\n<p><strong>Jednostka P<\/strong><\/p>\n<p>ul. Wy\u015bcigowa 19<\/p>\n<p>Poniedzia\u0142ek, wtorek, czwartek, pi\u0105tek &#8211; godz. 7.00-15.00<\/p>\n<p><strong>\u015broda &#8211; godz. 7.00-17.00<\/strong><\/p>\n<p>Tel. (48) 385 74 03<\/p>\n<p><strong>tel. kom. 603 766 751<\/strong><\/p>\n","protected":false},"excerpt":{"rendered":"<p>Jednostka A ul. Gagarina 6 Poniedzia\u0142ek, wtorek, czwartek, pi\u0105tek &#8211; godz. 7.00-15.00 \u015broda &#8211; godz. 7.00-17.00 Tel. (48) 385 74 13 tel. kom. 669 444 356 Jednostka B ul. Sandomierska 14 Poniedzia\u0142ek, wtorek, czwartek,&#46;&#46;&#46;<\/p>\n","protected":false},"author":1,"featured_media":0,"parent":18,"menu_order":0,"comment_status":"open","ping_status":"open","template":"","meta":[],"_links":{"self":[{"href":"https:\/\/ustronie.radom.pl\/cms\/wp-json\/wp\/v2\/pages\/42"}],"collection":[{"href":"https:\/\/ustronie.radom.pl\/cms\/wp-json\/wp\/v2\/pages"}],"about":[{"href":"https:\/\/ustronie.radom.pl\/cms\/wp-json\/wp\/v2\/types\/page"}],"author":[{"embeddable":true,"href":"https:\/\/ustronie.radom.pl\/cms\/wp-json\/wp\/v2\/users\/1"}],"replies":[{"embeddable":true,"href":"https:\/\/ustronie.radom.pl\/cms\/wp-json\/wp\/v2\/comments?post=42"}],"version-history":[{"count":12,"href":"https:\/\/ustronie.radom.pl\/cms\/wp-json\/wp\/v2\/pages\/42\/revisions"}],"predecessor-version":[{"id":5350,"href":"https:\/\/ustronie.radom.pl\/cms\/wp-json\/wp\/v2\/pages\/42\/revisions\/5350"}],"up":[{"embeddable":true,"href":"https:\/\/ustronie.radom.pl\/cms\/wp-json\/wp\/v2\/pages\/18"}],"wp:attachment":[{"href":"https:\/\/ustronie.radom.pl\/cms\/wp-json\/wp\/v2\/media?parent=42"}],"curies":[{"name":"wp","href":"https:\/\/api.w.org\/{rel}","templated":true}]}}