{"id":46,"date":"2015-09-26T22:12:36","date_gmt":"2015-09-26T20:12:36","guid":{"rendered":"http:\/\/ustronie.radom.pl\/cms\/?page_id=46"},"modified":"2022-09-29T09:51:57","modified_gmt":"2022-09-29T07:51:57","slug":"pogotowie-dzwigowe","status":"publish","type":"page","link":"https:\/\/ustronie.radom.pl\/cms\/kontakt\/pogotowie-dzwigowe\/","title":{"rendered":"Pogotowie d\u017awigowe"},"content":{"rendered":"<p><strong><span style=\"text-decoration: underline;\">Awarie d\u017awig\u00f3w nale\u017cy zg\u0142asza\u0107:<\/span><\/strong><\/p>\n<p><strong>Jednostka A<\/strong> &#8211; 607 101 809<\/p>\n<p><strong>Jednostka B<\/strong> &#8211; 609 316 934; 665 863 300<\/p>\n<p><strong>Jednostka C<\/strong> &#8211; 607 101 809<\/p>\n<p><strong>Jednostka M<\/strong> &#8211; 609 316 934; 665 863 300<\/p>\n","protected":false},"excerpt":{"rendered":"<p>Awarie d\u017awig\u00f3w nale\u017cy zg\u0142asza\u0107: Jednostka A &#8211; 607 101 809 Jednostka B &#8211; 609 316 934; 665 863 300 Jednostka C &#8211; 607 101 809 Jednostka M &#8211; 609 316 934; 665 863 300<\/p>\n","protected":false},"author":1,"featured_media":0,"parent":18,"menu_order":0,"comment_status":"open","ping_status":"open","template":"","meta":[],"_links":{"self":[{"href":"https:\/\/ustronie.radom.pl\/cms\/wp-json\/wp\/v2\/pages\/46"}],"collection":[{"href":"https:\/\/ustronie.radom.pl\/cms\/wp-json\/wp\/v2\/pages"}],"about":[{"href":"https:\/\/ustronie.radom.pl\/cms\/wp-json\/wp\/v2\/types\/page"}],"author":[{"embeddable":true,"href":"https:\/\/ustronie.radom.pl\/cms\/wp-json\/wp\/v2\/users\/1"}],"replies":[{"embeddable":true,"href":"https:\/\/ustronie.radom.pl\/cms\/wp-json\/wp\/v2\/comments?post=46"}],"version-history":[{"count":11,"href":"https:\/\/ustronie.radom.pl\/cms\/wp-json\/wp\/v2\/pages\/46\/revisions"}],"predecessor-version":[{"id":3660,"href":"https:\/\/ustronie.radom.pl\/cms\/wp-json\/wp\/v2\/pages\/46\/revisions\/3660"}],"up":[{"embeddable":true,"href":"https:\/\/ustronie.radom.pl\/cms\/wp-json\/wp\/v2\/pages\/18"}],"wp:attachment":[{"href":"https:\/\/ustronie.radom.pl\/cms\/wp-json\/wp\/v2\/media?parent=46"}],"curies":[{"name":"wp","href":"https:\/\/api.w.org\/{rel}","templated":true}]}}